o base 2.
-11
Convert -22 (base 5) to base 16.
-c
What is -a (base 11) in base 15?
-a
Convert -131 (base 6) to base 16.
-37
Convert 0 (base 10) to base 9.
0
-12122 (base 3) to base 14
-ac
Convert 66 (base 8) to base 12.
46
What is 105 (base 9) in base 15?
5b
Convert 21021 (base 3) to base 10.
196
-32 (base 5) to base 10
-17
Convert 21 (base 15) to base 9.
34
0 (base 13) to base 6
0
Convert 101000 (base 2) to base 4.
220
What is 32 (base 8) in base 14?
1c
What is 14 (base 6) in base 14?
a
Convert 1 (base 4) to base 15.
1
What is -101000 (base 2) in base 15?
-2a
-5 (base 10) to base 15
-5
Convert 6 (base 14) to base 13.
6
Convert 11 (base 4) to base 7.
5
What is 1d (base 14) in base 13?
21
What is -1 (base 12) in base 5?
-1
Convert 3 (base 6) to base 14.
3
What is -112 (base 4) in base 13?
-19
Convert -3 (base 4) to base 5.
-3
Convert -23 (base 4) to base 15.
-b
-37 (base 8) to base 13
-25
Convert 153 (base 7) to base 14.
63
What is 5 (base 11) in base 3?
12
What is 10000 (base 2) in base 3?
121
10 (base 3) to base 12
3
11 (base 4) to base 11
5
Convert -23 (base 5) to base 11.
-12
3 (base 11) to base 15
3
-1 (base 12) to base 6
-1
-89 (base 14) to base 13
-94
13 (base 15) to base 9
20
What is -2 (base 7) in base 3?
-2
-2 (base 12) to base 7
-2
Convert -4 (base 9) to base 8.
-4
What is 15 (base 6) in base 15?
b
What is -68 (base 9) in base 16?
-3e
3 (base 13) to base 16
3
-c (base 16) to base 6
-20
Convert -a (base 11) to base 6.
-14
Convert 0 (base 16) to base 2.
0
Convert -2 (base 16) to base 11.
-2
4 (base 8) to base 11
4
What is -1 (base 9) in base 5?
-1
5 (base 10) to base 9
5
2 (base 8) to base 6
2
-2 (base 11) to base 16
-2
Convert -145 (base 6) to base 7.
-122
Convert -222 (base 4) to base 16.
-2a
4 (base 13) to base 12
4
Convert -c (base 16) to base 5.
-22
-12 (base 3) to base 13
-5
What is -7 (base 15) in base 3?
-21
Convert 164 (base 7) to base 12.
7b
123 (base 9) to base 5
402
What is 106 (base 9) in base 11?
7a
What is -100 (base 3) in base 16?
-9
What is 18 (base 11) in base 7?
25
Convert 14 (base 6) to base 3.
101
-11 (base 4) to base 5
-10
Convert -69 (base 12) to base 15.
-56
-334 (base 9) to base 6
-1134
What is 34 (base 7) in base 15?
1a
What is -5a (base 11) in base 16?
-41
Convert -1011 (base 2) to base 16.
-b
Convert -207 (base 8) to base 16.
-87
What is -9 (base 11) in base 3?
-100
What is 23 (base 13) in base 3?
1002
Convert -9 (base 10) to base 12.
-9
Convert -2 (base 4) to base 10.
-2
3 (base 15) to base 14
3
What is 2f (base 16) in base 12?
3b
Convert 112 (base 3) to base 11.
13
101 (base 2) to base 4
11
9 (base 11) to base 4
21
3 (base 4) to base 13
3
Convert -fe (base 16) to base 3.
-100102
1101 (base 3) to base 11
34
2d (base 14) to base 15
2b
Convert -7 (base 16) to base 6.
-11
What is -7 (base 12) in base 8?
-7
What is 8 (base 10) in base 14?
8
Convert -101 (base 3) to base 11.
-a
What is 133 (base 4) in base 14?
23
What is -2 (base 9) in base 5?
-2
-4a (base 16) to base 9
-82
What is -3 (base 12) in base 4?
-3
2 (base 8) to base 7
2
Convert -2 (base 16) to base 13.
-2
-1 (base 12) to base 14
-1
What is 45 (base 8) in base 14?
29
-100111001 (base 2) to base 11
-265
What is 66 (base 11) in base 3?
2200
Convert 1 (base 7) to base 11.
1
Convert -1 (base 4) to base 9.
-1
What is 278 (base 11) in base 7?
645
-5 (base 13) to base 9
-5
Convert -2 (base 7) to base 16.
-2
Convert 3 (base 5) to base 2.
11
3 (base 12) to base 8
3
What is -130 (base 8) in base 16?
-58
What is 326 (base 9) in base 8?
413
What is 101000 (base 2) in base 11?
37
What is -2b (base 13) in base 12?
-31
What is -10 (base 4) in base 7?
-4
-1 (base 15) to base 13
-1
-21 (base 8) to base 13
-14
Convert 3 (base 14) to base 11.
3
Convert 20 (base 8) to base 10.
16
What is -12 (base 13) in base 3?
-120
What is -100 (base 2) in base 8?
-4
Convert 59 (base 13) to base 14.
54
What is 2 (base 15) in base 10?
2
Convert 1 (base 4) to base 3.
1
What is -2 (base 9) in base 11?
-2
60 (base 7) to base 2
101010
Convert 3 (base 5) to base 13.
3
Convert 9 (base 16) to base 10.
9
What is 1000010 (base 2) in base 5?
231
What is -1 (base 10) in base 14?
-1
What is 200 (base 6) in base 13?
57
-210 (base 5) to base 14
-3d
Convert 45 (base 10) to base 16.
2d
Convert 32 (base 5) to base 7.
23
What is 24 (base 11) in base 10?
26
Convert 3 (base 5) to base 4.
3
12 (base 12) to base 11
13
-3 (base 8) to base 3
-10
What is -7 (base 16) in base 4?
-13
What is 12 (base 8) in base 2?
1010
Convert 204 (base 11) to base 5.
1441
12 (base 7) to base 9
10
What is -116 (base 10) in base 5?
-431
-fc (base 16) to base 4
-3330
Convert -2 (base 11) to base 15.
-2
Convert -53 (base 6) to base 4.
-201
What is 115 (base 10) in base 7?
223
What is -3 (base 13) in base 2?
-11
-101 (base 3) to base 10
-10
4 (base 11) to base 4
10
Convert -240 (base 13) to base 16.
-186
What is 12021 (base 3) in base 13?
ac
Convert -2 (base 4) to base 11.
-2
Convert -1112 (base 3) to base 11.
-38
Convert -2 (base 6) to base 2.
-10
0 (base 4) to base 9
0
What is -264 (base 8) in base 2?
-10110100
Convert -64 (base 8) to base 12.
-44
Convert 21 (base 8) to base 10.
17
What is -5 (base 14) in base 5?
-10
What is -301 (base 9) in base 4?
-3310
What is 0 (base 7) in base 2?
0
What is 168 (base 10) in base 14?
c0
Convert 2 (base 12) to base 11.
2
Convert 5 (base 14) to base 3.
12
What is -216 (base 7) in base 12?
-93
Convert 22 (base 5) to base 9.
13
-2 (base 12) to base 11
-2
What is 3 (base 12) in base 10?
3
-2 (base 9) to base 5
-2
-13 (base 16) to base 7
-25
Convert 121 (base 4) to base 12.
21
Convert 4 (base 15) to base 14.
4
-74 (base 8) to base 5
-220
-11 (base 8) to base 7
-12
-405 (base 7) to base 16
-c9
-3 (base 11) to base 3
-10
What is -72 (base 16) in base 12?
-96
What is 20 (base 3) in base 9?
6
What is -9 (base 10) in base 8?
-11
Convert -12120 (base 3) to base 14.
-aa
What is -132 (base 4) in base 9?
-33
100 (base 2) to base 16
4
Convert 8 (base 14) to base 7.
11
What is -8 (base 12) in base 10?
-8
What is 2002 (base 3) in base 2?
111000
What is 3e (base 15) in base 10?
59
What is -1 (base 9) in base 2?
-1
35 (base 16) to base 12
45
What is 231 (base 5) in base 3?
2110
-2 (base 13) to base 11
-2
Convert -2 (base 6) to base 7.
-2
6 (base 9) to base 3
20
What is -1 (base 9) in base 6?
-1
Convert 104 (base 10) to base 6.
252
What is 4 (base 13) in base 2?
100
What is -3 (base 6) in base 7?
-3
Convert -22 (base 6) to base 4.
-32
15 (base 16) to base 4
111
222 (base 5) to base 3
2022
27 (base 10) to base 11
25
4 (base 8) to base 10
4
-351 (base 8) to base 12
-175
Convert 2 (base 5) to base 10.
2
ba (base 13) to base 7
306
What is -5c (base 13) in base 3?
-2212
What is -22 (base 6) in base 15?
-e
What is -1102 (base 5) in base 13?
-b9
Convert 100 (base 2) to base 5.
4
3 (base 4) to base 2
11
What is -101 (base 8) in base 15?
-45
What is 2 (base 5) in base 11?
2
Convert 6 (base 11) to base 9.
6
-20 (base 4) to base 14
-8
Convert -111 (base 8) to base 9.
-81
57 (base 12) to base 8
103
What is 3 (base 12) in base 3?
10
2 (base 5) to base 16
2
-50 (base 8) to base 5
-130
What is -11 (base 6) in base 10?
-7
-8 (base 14) to base 12
-8
Convert 1 (base 7) to base 11.
1
Convert -1 (base 9) to base 11.
-1
-e (base 15) to base 9
-15
What is 1 (base 15) in base 3?
1
1023 (base 4) to base 10
75
Convert 1 (base 4) to base 11.
1
What is -12 (base 10) in base 6?
-20
d5 (base 14) to base 6
511
Convert -2 (base 15) to base 5.
-2
What is 96 (base 12) in base 3?
11020
21 (base 14) to base 5
104
What is -62 (base 13) in base 11?
-73
221 (base 3) to base 13
1c
What is 89 (base 16) in base 15?
92
What is -111 (base 3) in base 6?
-21
Convert -1001 (base 3) to base 13.
-22
What is 85 (base 9) in base 10?
77
16 (base 11) to base 4
101
-3 (base 4) to base 3
-10
-440 (base 6) to base 14
-c0
-3c (base 13) to base 7
-102
What is 5 (base 16) in base 12?
5
Convert 323 (base 4) to base 5.
214
Convert 63 (base 9) to base 16.
39
Convert 10 (base 15) to base 3.
120
What is -201 (base 9) in base 5?
-1123
What is -11 (base 14) in base 5?
-30
Convert 11 (base 10) to base 3.
102
What is 0 (base 10) in base 3?
0
Convert -17 (base 11) to base 16.
-12
Convert 315 (base 6) to base 7.
230
Convert 4 (base 9) to base 4.
10
-7 (base 10) to base 8
-7
What 